 prime?
False
Let v(z) = z**2 - 36*z + 105. Let d be v(35). Suppose 4*l - l = -s + 8272, 2*s - 5516 = -2*l. Let h = d + l. Is h a composite number?
True
Let t = -75 + 60. Let i be (1174/(-3))/((-55)/t + -3). Let o = -10 - i. Is o composite?
False
Let y = 179210 - -55301. Is y a composite number?
False
Let n be (-3)/(0 + 1) - 8/(-1). Let v(q) = 496*q + 41. Is v(n) prime?
True
Let h be (-3)/6 - (-5625)/(-10). Let r = h + 1305. Let f = 1137 - r. Is f prime?
False
Let f be 2/(123876/(-15486) + 8). Let w = f + -1404. Is w a composite number?
True
Let f = -13206 - -9314. Let r be -1 + 0 - (-14056)/(-2). Let i = f - r. Is i a composite number?
False
Suppose -9*v = -5*v + 84. Let j = 20 + v. Let q(d) = -495*d - 4. Is q(j) prime?
True
Suppose -362*x - 26544 = -364*x. Let f = x - 5075. Is f a composite number?
True
Let z = 1925 - 1021. Is z - (1 - (-12)/(-3)) prime?
True
Suppose -5*a - 12 + 22 = 0. Let d(v) = 1172*v. Let w be d(2). Is a/(-4)*9/((-36)/w) composite?
False
Let s = -419 + 422. Suppose -s*o - v = 2*v - 63165, 63165 = 3*o - 4*v. Is o a composite number?
True
Suppose -511*y + 510*y = -4*g + 1089881, 2*g - 544927 = 5*y. Is g a composite number?
True
Suppose -7928 = 4*n - 87340. Suppose -n = -4*s - 4145. Suppose 0 = -2*o + 3*v + 1573, -5*o - 3*v + 5*v = -s. Is o prime?
False
Let g(m) = 2*m**3 - 4*m**2 - 9*m - 14. Let v(y) = y**2 + 16*y - 8. Let r be v(-17). Is g(r) prime?
True
Suppose 3*v - 55398 = -5*c, 140213 = 5*v + 4*c + 47896. Is v prime?
True
Let s(t) = -t**2 + 12*t - 3. Suppose 3*i - 23 = i + h, 0 = 5*i + 3*h - 52. Let n be s(i). Is (-6484)/(-12) + n/12 a composite number?
False
Suppose 2*x = -3*a + 1465811, 12*a + 5*x - 1465814 = 9*a. Is a a prime number?
True
Let k = 167151 - -93790. Is k prime?
True
Let n(c) = -34*c + 13. Let y be n(4). Let l = y + 122. Is 394 - (2 + 5/l) prime?
True
Let p(c) be the second derivative of 31*c**4/12 - 7*c**3/6 - 9*c**2/2 + 12*c + 7. Is p(-4) a prime number?
False
Let v = 31 - 31. Suppose v = -4*x + 4*j + 3121 + 11403, 14556 = 4*x + 4*j. Is x a prime number?
False
Let n = 231902 + -156555. Is n a composite number?
False
Let m(t) = 766*t**3 - 4*t**2 + 38*t + 29. Is m(5) a composite number?
False
Let q(w) = w**3 - 31*w**2 + 28*w + 62. Let c be q(30). Suppose 5*a - 98 = -c*a. Let d(b) = 25*b**2 - 43*b - 1. Is d(a) composite?
False
Let y = -35654 - -54723. Is y composite?
False
Suppose 0 = 3*f + 2*k - 440675, f - 15*k - 57510 = 89366. Is f a composite number?
False
Let z(h) = h**3 - h**2 - 5*h - 4. Let l be z(3). Let p(r) = -674*r**3 - 3*r - 4. Let f be p(l). Let g = f - -190. Is g prime?
True
Let s = -601 - -610. Suppose -s*p + 223161 + 33600 = 0. Is p composite?
True
Suppose 3*q + 2*j + 1443 - 19922 = 0, 3*j - 24638 = -4*q. Is q composite?
True
Suppose 5*u + 1 = -3*x - 3, u = 2*x - 6. Suppose x*s = -3*s + 20. Is 709*1/s*(23 - 3) a composite number?
True
Let o(r) = 4*r. Let n be o(4). Suppose -q = 3*u - n, 0 = -2*u - 2*u - 3*q + 23. Suppose 2*y - 189 = -u*a + 165, 4*y - 2*a = 756. Is y composite?
True
Let o(g) = 75*g**2 - 3*g - 1. Let k(s) = -s**3 + 21*s**2 + 20*s + 42. Let f be 4/(-22) - ((-1512)/88 + -5). Let x be k(f). Is o(x) composite?
True
Let m be (-1207)/(-68) + 0 + (-2)/(-8). Suppose m*p - 8 = 22*p. Is -1 + p - (-1157 - 0) prime?
False
Let n be 5/2*(-52)/65. Is 211*n/(16/(-232)) composite?
True
Suppose 5*p - c - 4078 = 0, 0 = -3*p + 7*c - 2*c + 2438. Let h = 539 + -204. Let i = p + h. Is i composite?
False
Is (-12)/9*(4 + 6882227/(-44)) composite?
True
Let a(n) = -10*n + 1. Let t be a(-1). Let f(y) = 9*y**2 + 10*y - 112. Is f(t) prime?
True
Suppose -7*w = -4*w - 2307. Let x = 2287 - w. Let s = x + -445. Is s a composite number?
True
Let a = 56 - 65. Let x be 21254/18 - 2/a. Suppose -i + 4800 = 4*t, 2*t = 3*t + 5*i - x. Is t prime?
True
Let c(a) = a**3 - 16*a**2 + 14*a + 18. Let j be c(15). Is 772541/231 + (-4)/j a composite number?
False
Let w(b) = 13168*b**2 + 22*b + 9. Is w(-2) a prime number?
False
Suppose -34118 = -11*u + 20926. Suppose 5*g - 634 + u = 0. Let a = 1503 + g. Is a a prime number?
False
Let v(p) = p**3 - 23*p**2 + 23*p - 13. Let r be v(22). Suppose -33850 = -r*s - s. Suppose 5*w + 5*q - s = 0, -4*w + 3263 - 575 = -q. Is w prime?
True
Let l be (228/95)/((-4)/(-10)). Let h(t) = 50*t - 26. Is h(l) a composite number?
True
Let v(h) = -h**3 - 18*h**2 + h + 20. Let o be v(-18). Suppose 5*z = -4*q + 21, -o*q - z + 17 = 2*q. Suppose p + q*p - 18535 = 0. Is p a prime number?
False
Suppose -83845 = -d + 2*n, -21*d - 4*n + 1326191 + 434692 = 0. Is d prime?
False
Is (-193678)/6*(-19 - -16) composite?
True
Let d = 321 - 316. Suppose -1611 = -4*u + d*i, -u + 21*i - 23*i + 419 = 0. Is u prime?
True
Suppose 44*u - 66*u = -469942. Suppose -6*z + 11*z + 8557 = 2*h, 5*h = 2*z + u. Is h prime?
True
Let q(i) = 28*i**2 + 6*i + 20. Suppose d = -5*g + 5*d - 23, -5*d + 4 = 2*g. Is q(g) composite?
True
Suppose 4*d - 29 + 103 = -3*x, 0 = -2*x + d - 31. Let j be 7/(x/(-42) - 254/609). Let y = j - 190. Is y composite?
False
Let r(c) = -2*c**2 + 36*c - 53. Let v be r(16). Let g be ((-4822)/(-4) + 0)*10. Suppose -16*z + g = -v*z. Is z composite?
False
Let n(d) = 19184*d - 1087. Is n(6) prime?
False
Let p = 427040 - 186957. Is p composite?
True
Suppose -7*x = 3 - 24. Suppose -x*b + 15689 = 2*b - q, -q = 4. Is b composite?
False
Let g be 1050/175*(6 + -2 + 1). Suppose -32*u = -g*u - 3478. Is u a prime number?
False
Suppose -4*h + 9*t + 139909 = 14*t, 0 = h - 4*t - 34993. Is h prime?
True
Suppose 0 = -60*i + 46*i - 201026. Let p = -6212 - i. Is p prime?
True
Is 203334840/1800 - (-4)/(-5) prime?
False
Let d(o) = -10*o**2 - 13*o + 33. Let z be d(8). Let h = 1618 + z. Is h prime?
True
Let c be ((-60)/(-40))/(1/(-28)). Is 70/c + 82704/18 prime?
False
Is 3/2*(-30)/(-45)*3166 a composite number?
True
Suppose 4*c - 5*d + 1124 = 0, -4*c + 2*c = 3*d + 584. Let i = 1446 + -841. Let n = i + c. Is n a composite number?
True
Let g = -25293 - -43156. Is (g/(-5))/(3/(-15)) composite?
False
Let p(s) = 146146*s**2 + 856*s - 3415. Is p(4) a composite number?
True
Suppose 181802 = 4*z - 3*w, -5*w = 4*z - 4*w - 181794. Is z composite?
True
Let w(b) = 161*b - 2. Let l = 116 - 113. Is w(l) a composite number?
True
Let c be (-4970 - 12)*(-2 + (-2)/4). Suppose -25*x + 30*x = c. Let n = -644 + x. Is n a prime number?
True
Is 35/(-5) + (-77)/(-11) - -5 - -220256 composite?
True
Suppose 3*q + 0*q + 2 = -2*b, 6 = q - b. Suppose 5*r + 15 = 0, -3*r = -2*p - q*p + 7253. Is p composite?
False
Is (107/(-428))/(3/(-1255812)) a prime number?
True
Suppose r = -2*q + 4*r + 48, -3*q - 2*r + 46 = 0. Let z = q - 9. Suppose 16*j - z*j - 6587 = 0. Is j a prime number?
True
Suppose 1445579 + 1502681 = -93*i + 233*i. Is i a composite number?
False
Let t(z) = 623*z**2 - 24*z + 50. Is t(-13) prime?
True
Let f(p) = p**3. Let a(q) = -11*q**3 + q**2 + 9. Suppose 3*d - 10 = -2*b + 2*d, 0 = 2*d. Let h(i) = b*f(i) + a(i). Is h(-4) a prime number?
True
Let q(r) be the first derivative of r**4/4 + 7*r**3 + r**2/2 + 26*r - 14. Let z be q(-21). Suppose 787 = z*m - 868. Is m a composite number?
False
Suppose 4*a + 4 = -3*v, -2*v = -6*v + 5*a + 5. Suppose v = -4*d - 7*d + 132. Suppose d*y = 11*y + 1103. Is y prime?
True
Suppose -3*r - 29 = -371. Suppose -r*p = -92*p - 16654. Is p composite?
False
Let w(g) = -3*g**2 + 11*g - 4. Let c be w(5). Let b = -21 - c. Suppose -b*f + 218 = -2143. Is f a prime number?
True
Let s be (-10)/(-3) - (-18)/27. Suppose -s*f = -2*l - 1334, -f + 4*l + 168 = -183. Is f a prime number?
True
Suppose 3700 = -9*j + 3754. Let g(o) = 20*o + 15 - 12 + 26. Is g(j) a prime number?
True
Let g = 28746 - 6443. Is g a prime number?
True
Suppose 8*w + 504 = -13*w. Is w/42 + 21823/7 prime?
False
Let r be 30/(-25)*-5 - (-1 + 1). Is (3 + (-21)/r)*-6 + 664 a composite number?
True
Let a be (1 - 2 - -1)/(-3 + 4). Suppose 2*m = -a*m + 742. Is m prime?
False
Let j(r) = -r**3 - r**2 + 5*r. Let u be j(-3). Suppose 0 = -u*n - 0*n + 5*h + 142, -2*h = -2*n + 96. Suppose 5128 = n*g - 41*g. Is g prime?
True
Suppose 6*l = 2*l - 28. Let d(f) = -8*f - f**3 - 3 - 19*f**3 + 21*f**3 + 15*f**2. Is d(l) prime?
False
Let f(t) = -1031*t - 1080. Is f(-31) composite?
False
Let w = 113395 - 60912. Is w a prime number?
False
Let f(b) = 5901*b + 35. Let h be f(4). Suppose -3*d = 4*